{"id":14534,"date":"2020-11-30T20:28:30","date_gmt":"2020-11-30T20:28:30","guid":{"rendered":"https:\/\/earlyfeednutrition.com\/event\/wpc-2021\/"},"modified":"2021-06-04T07:54:57","modified_gmt":"2021-06-04T07:54:57","slug":"wpc-2021","status":"publish","type":"event","link":"https:\/\/earlyfeednutrition.com\/de\/event\/wpc-2021\/","title":{"rendered":"Weltgefl\u00fcgelkongress 2022"},"content":{"rendered":"<section class=\"section section--gutenberg section--gutenberg-nomargin wp-block-paragraph\">\n<p>Die franz\u00f6sische Zweig der WPSA freut sich, Sie zum 26. WPC in Paris einzuladen. Nach dem WPC2016 in Peking bereiten wir uns nun darauf vor, Sie alle in Paris zum WPC2022 zu begr\u00fc\u00dfen.<\/p>\n<\/section>\n\n<section class=\"section section--gutenberg section--gutenberg-nomargin wp-block-paragraph\">\n<p>Die Landwirtschaft im Allgemeinen und die Nutztierhaltung im Besonderen stehen in naher Zukunft vor gro\u00dfen Herausforderungen. Der Gefl\u00fcgelsektor hat gute Voraussetzungen, die Erwartungen der Weltbev\u00f6lkerung zu erf\u00fcllen, vorausgesetzt, er ist in der Lage, die Ver\u00e4nderungen zu antizipieren, die f\u00fcr nachhaltige Produktionssysteme erforderlich sind. Unser Ziel ist es, dass der WPC2022 einen wichtigen Beitrag zur Bew\u00e4ltigung dieser Herausforderungen zum Wohle der Weltbev\u00f6lkerung leistet.<\/p>\n<\/section>\n\n<section class=\"section section--gutenberg section--gutenberg-nomargin wp-block-paragraph\">\n<p>Der Weltgefl\u00fcgelkongress hat sich zum Ziel gesetzt, einen erschwinglichen Kongress vorzubereiten, der eine gro\u00dfe Anzahl von Teilnehmern aus der ganzen Welt anzieht. Die mediterranen und afrikanischen Gefl\u00fcgelnetzwerke werden besondere Ber\u00fccksichtigung erfahren, indem ihnen die M\u00f6glichkeit zur Teilnahme an speziellen Satellitensymposien geboten wird. Au\u00dferdem ist ein Symposium der FAO geplant. Wie bei einem WPC \u00fcblich, wird es im Kongresszentrum eine Ausstellung f\u00fcr Unternehmen sowie ein Jugendprogramm und ein Programm f\u00fcr Nachwuchswissenschaftler geben. Das wissenschaftliche Programm wird hochgradig interaktiv und interdisziplin\u00e4r sein.<\/p>\n<\/section>\n\n<section class=\"section section--gutenberg section--gutenberg-nomargin wp-block-paragraph\">\n<p>Klicken Sie&nbsp;<a href=\"https:\/\/wpcparis2021.com\/scientific-program\/\">hier<\/a> f\u00fcr das Programm dieses Kongresses.<\/p>\n<\/section>\n\n<section class=\"section section--gutenberg section--gutenberg-nomargin wp-block-paragraph\">\n<p>Wir werden an diesem Kongress vom 7. bis 11. August 2022 in Paris, Frankreich teilnehmen.<\/p>\n<\/section>","protected":false},"featured_media":14510,"template":"","sector":[486],"class_list":["post-14534","event","type-event","status-publish","has-post-thumbnail","hentry","sector-poultry-de"],"acf":[],"yoast_head":"<!-- This site is optimized with the Yoast SEO plugin v27.0 - https:\/\/yoast.com\/product\/yoast-seo-wordpress\/ -->\n<title>Weltgefl\u00fcgelkongress 2022 - Earlyfeed<\/title>\n<meta name=\"robots\" content=\"index, follow, max-snippet:-1, max-image-preview:large, max-video-preview:-1\" \/>\n<link rel=\"canonical\" href=\"https:\/\/earlyfeednutrition.com\/de\/event\/wpc-2021\/\" \/>\n<meta property=\"og:locale\" content=\"de_DE\" \/>\n<meta property=\"og:type\" content=\"article\" \/>\n<meta property=\"og:title\" content=\"Weltgefl\u00fcgelkongress 2022 - Earlyfeed\" \/>\n<meta property=\"og:description\" content=\"Die franz\u00f6sische Zweig der WPSA freut sich, Sie zum 26. WPC in Paris einzuladen. Nach dem WPC2016 in Peking bereiten wir uns nun darauf vor, Sie alle in Paris zum WPC2022 zu begr\u00fc\u00dfen. Die Landwirtschaft im Allgemeinen und die Nutztierhaltung im Besonderen stehen in naher Zukunft vor gro\u00dfen Herausforderungen. Der Gefl\u00fcgelsektor hat gute Voraussetzungen, die [&hellip;]\" \/>\n<meta property=\"og:url\" content=\"https:\/\/earlyfeednutrition.com\/de\/event\/wpc-2021\/\" \/>\n<meta property=\"og:site_name\" content=\"Earlyfeed\" \/>\n<meta property=\"article:modified_time\" content=\"2021-06-04T07:54:57+00:00\" \/>\n<meta property=\"og:image\" content=\"https:\/\/earlyfeednutrition.com\/app\/uploads\/2020\/11\/shutterstock_135909518-scaled.jpg\" \/>\n\t<meta property=\"og:image:width\" content=\"2560\" \/>\n\t<meta property=\"og:image:height\" content=\"1556\" \/>\n\t<meta property=\"og:image:type\" content=\"image\/jpeg\" \/>\n<meta name=\"twitter:card\" content=\"summary_large_image\" \/>\n<meta name=\"twitter:label1\" content=\"Est. reading time\" \/>\n\t<meta name=\"twitter:data1\" content=\"1 minute\" \/>\n<script type=\"application\/ld+json\" class=\"yoast-schema-graph\">{\"@context\":\"https:\/\/schema.org\",\"@graph\":[{\"@type\":\"WebPage\",\"@id\":\"https:\/\/earlyfeednutrition.com\/de\/event\/wpc-2021\/\",\"url\":\"https:\/\/earlyfeednutrition.com\/de\/event\/wpc-2021\/\",\"name\":\"Weltgefl\u00fcgelkongress 2022 - Earlyfeed\",\"isPartOf\":{\"@id\":\"https:\/\/earlyfeednutrition.com\/de\/#website\"},\"primaryImageOfPage\":{\"@id\":\"https:\/\/earlyfeednutrition.com\/de\/event\/wpc-2021\/#primaryimage\"},\"image\":{\"@id\":\"https:\/\/earlyfeednutrition.com\/de\/event\/wpc-2021\/#primaryimage\"},\"thumbnailUrl\":\"https:\/\/earlyfeednutrition.com\/app\/uploads\/2020\/11\/shutterstock_135909518-scaled.jpg\",\"datePublished\":\"2020-11-30T20:28:30+00:00\",\"dateModified\":\"2021-06-04T07:54:57+00:00\",\"breadcrumb\":{\"@id\":\"https:\/\/earlyfeednutrition.com\/de\/event\/wpc-2021\/#breadcrumb\"},\"inLanguage\":\"de-DE\",\"potentialAction\":[{\"@type\":\"ReadAction\",\"target\":[\"https:\/\/earlyfeednutrition.com\/de\/event\/wpc-2021\/\"]}]},{\"@type\":\"ImageObject\",\"inLanguage\":\"de-DE\",\"@id\":\"https:\/\/earlyfeednutrition.com\/de\/event\/wpc-2021\/#primaryimage\",\"url\":\"https:\/\/earlyfeednutrition.com\/app\/uploads\/2020\/11\/shutterstock_135909518-scaled.jpg\",\"contentUrl\":\"https:\/\/earlyfeednutrition.com\/app\/uploads\/2020\/11\/shutterstock_135909518-scaled.jpg\",\"width\":2560,\"height\":1556},{\"@type\":\"BreadcrumbList\",\"@id\":\"https:\/\/earlyfeednutrition.com\/de\/event\/wpc-2021\/#breadcrumb\",\"itemListElement\":[{\"@type\":\"ListItem\",\"position\":1,\"name\":\"Homepage\",\"item\":\"https:\/\/earlyfeednutrition.com\/de\/\"},{\"@type\":\"ListItem\",\"position\":2,\"name\":\"Events\",\"item\":\"https:\/\/earlyfeednutrition.com\/de\/event\/\"},{\"@type\":\"ListItem\",\"position\":3,\"name\":\"Weltgefl\u00fcgelkongress 2022\"}]},{\"@type\":\"WebSite\",\"@id\":\"https:\/\/earlyfeednutrition.com\/de\/#website\",\"url\":\"https:\/\/earlyfeednutrition.com\/de\/\",\"name\":\"Earlyfeed\",\"description\":\"Right from the start\",\"potentialAction\":[{\"@type\":\"SearchAction\",\"target\":{\"@type\":\"EntryPoint\",\"urlTemplate\":\"https:\/\/earlyfeednutrition.com\/de\/?s={search_term_string}\"},\"query-input\":{\"@type\":\"PropertyValueSpecification\",\"valueRequired\":true,\"valueName\":\"search_term_string\"}}],\"inLanguage\":\"de-DE\"}]}<\/script>\n<!-- \/ Yoast SEO plugin. -->","yoast_head_json":{"title":"Weltgefl\u00fcgelkongress 2022 - Earlyfeed","robots":{"index":"index","follow":"follow","max-snippet":"max-snippet:-1","max-image-preview":"max-image-preview:large","max-video-preview":"max-video-preview:-1"},"canonical":"https:\/\/earlyfeednutrition.com\/de\/event\/wpc-2021\/","og_locale":"de_DE","og_type":"article","og_title":"Weltgefl\u00fcgelkongress 2022 - Earlyfeed","og_description":"Die franz\u00f6sische Zweig der WPSA freut sich, Sie zum 26. WPC in Paris einzuladen. Nach dem WPC2016 in Peking bereiten wir uns nun darauf vor, Sie alle in Paris zum WPC2022 zu begr\u00fc\u00dfen. Die Landwirtschaft im Allgemeinen und die Nutztierhaltung im Besonderen stehen in naher Zukunft vor gro\u00dfen Herausforderungen. Der Gefl\u00fcgelsektor hat gute Voraussetzungen, die [&hellip;]","og_url":"https:\/\/earlyfeednutrition.com\/de\/event\/wpc-2021\/","og_site_name":"Earlyfeed","article_modified_time":"2021-06-04T07:54:57+00:00","og_image":[{"width":2560,"height":1556,"url":"https:\/\/earlyfeednutrition.com\/app\/uploads\/2020\/11\/shutterstock_135909518-scaled.jpg","type":"image\/jpeg"}],"twitter_card":"summary_large_image","twitter_misc":{"Est. reading time":"1 minute"},"schema":{"@context":"https:\/\/schema.org","@graph":[{"@type":"WebPage","@id":"https:\/\/earlyfeednutrition.com\/de\/event\/wpc-2021\/","url":"https:\/\/earlyfeednutrition.com\/de\/event\/wpc-2021\/","name":"Weltgefl\u00fcgelkongress 2022 - Earlyfeed","isPartOf":{"@id":"https:\/\/earlyfeednutrition.com\/de\/#website"},"primaryImageOfPage":{"@id":"https:\/\/earlyfeednutrition.com\/de\/event\/wpc-2021\/#primaryimage"},"image":{"@id":"https:\/\/earlyfeednutrition.com\/de\/event\/wpc-2021\/#primaryimage"},"thumbnailUrl":"https:\/\/earlyfeednutrition.com\/app\/uploads\/2020\/11\/shutterstock_135909518-scaled.jpg","datePublished":"2020-11-30T20:28:30+00:00","dateModified":"2021-06-04T07:54:57+00:00","breadcrumb":{"@id":"https:\/\/earlyfeednutrition.com\/de\/event\/wpc-2021\/#breadcrumb"},"inLanguage":"de-DE","potentialAction":[{"@type":"ReadAction","target":["https:\/\/earlyfeednutrition.com\/de\/event\/wpc-2021\/"]}]},{"@type":"ImageObject","inLanguage":"de-DE","@id":"https:\/\/earlyfeednutrition.com\/de\/event\/wpc-2021\/#primaryimage","url":"https:\/\/earlyfeednutrition.com\/app\/uploads\/2020\/11\/shutterstock_135909518-scaled.jpg","contentUrl":"https:\/\/earlyfeednutrition.com\/app\/uploads\/2020\/11\/shutterstock_135909518-scaled.jpg","width":2560,"height":1556},{"@type":"BreadcrumbList","@id":"https:\/\/earlyfeednutrition.com\/de\/event\/wpc-2021\/#breadcrumb","itemListElement":[{"@type":"ListItem","position":1,"name":"Homepage","item":"https:\/\/earlyfeednutrition.com\/de\/"},{"@type":"ListItem","position":2,"name":"Events","item":"https:\/\/earlyfeednutrition.com\/de\/event\/"},{"@type":"ListItem","position":3,"name":"Weltgefl\u00fcgelkongress 2022"}]},{"@type":"WebSite","@id":"https:\/\/earlyfeednutrition.com\/de\/#website","url":"https:\/\/earlyfeednutrition.com\/de\/","name":"Earlyfeed","description":"Right from the start","potentialAction":[{"@type":"SearchAction","target":{"@type":"EntryPoint","urlTemplate":"https:\/\/earlyfeednutrition.com\/de\/?s={search_term_string}"},"query-input":{"@type":"PropertyValueSpecification","valueRequired":true,"valueName":"search_term_string"}}],"inLanguage":"de-DE"}]}},"_links":{"self":[{"href":"https:\/\/earlyfeednutrition.com\/de\/wp-json\/wp\/v2\/event\/14534","targetHints":{"allow":["GET"]}}],"collection":[{"href":"https:\/\/earlyfeednutrition.com\/de\/wp-json\/wp\/v2\/event"}],"about":[{"href":"https:\/\/earlyfeednutrition.com\/de\/wp-json\/wp\/v2\/types\/event"}],"wp:featuredmedia":[{"embeddable":true,"href":"https:\/\/earlyfeednutrition.com\/de\/wp-json\/wp\/v2\/media\/14510"}],"wp:attachment":[{"href":"https:\/\/earlyfeednutrition.com\/de\/wp-json\/wp\/v2\/media?parent=14534"}],"wp:term":[{"taxonomy":"sector","embeddable":true,"href":"https:\/\/earlyfeednutrition.com\/de\/wp-json\/wp\/v2\/sector?post=14534"}],"curies":[{"name":"wp","href":"https:\/\/api.w.org\/{rel}","templated":true}]}}

Weltgeflügelkongress 2022

<section class="section section--gutenberg section--gutenberg-nomargin wp-block-paragraph">
<p>Die französische Zweig der WPSA freut sich, Sie zum 26. WPC in Paris einzuladen. Nach dem WPC2016 in Peking bereiten wir uns nun darauf vor, Sie alle in Paris zum WPC2022 zu begrüßen.</p>
</section>

<section class="section section--gutenberg section--gutenberg-nomargin wp-block-paragraph">
<p>Die Landwirtschaft im Allgemeinen und die Nutztierhaltung im Besonderen stehen in naher Zukunft vor großen Herausforderungen. Der Geflügelsektor hat gute Voraussetzungen, die Erwartungen der Weltbevölkerung zu erfüllen, vorausgesetzt, er ist in der Lage, die Veränderungen zu antizipieren, die für nachhaltige Produktionssysteme erforderlich sind. Unser Ziel ist es, dass der WPC2022 einen wichtigen Beitrag zur Bewältigung dieser Herausforderungen zum Wohle der Weltbevölkerung leistet.</p>
</section>

<section class="section section--gutenberg section--gutenberg-nomargin wp-block-paragraph">
<p>Der Weltgeflügelkongress hat sich zum Ziel gesetzt, einen erschwinglichen Kongress vorzubereiten, der eine große Anzahl von Teilnehmern aus der ganzen Welt anzieht. Die mediterranen und afrikanischen Geflügelnetzwerke werden besondere Berücksichtigung erfahren, indem ihnen die Möglichkeit zur Teilnahme an speziellen Satellitensymposien geboten wird. Außerdem ist ein Symposium der FAO geplant. Wie bei einem WPC üblich, wird es im Kongresszentrum eine Ausstellung für Unternehmen sowie ein Jugendprogramm und ein Programm für Nachwuchswissenschaftler geben. Das wissenschaftliche Programm wird hochgradig interaktiv und interdisziplinär sein.</p>
</section>

<section class="section section--gutenberg section--gutenberg-nomargin wp-block-paragraph">
<p>Klicken Sie&nbsp;<a href="https://wpcparis2021.com/scientific-program/">hier</a> für das Programm dieses Kongresses.</p>
</section>

<section class="section section--gutenberg section--gutenberg-nomargin wp-block-paragraph">
<p>Wir werden an diesem Kongress vom 7. bis 11. August 2022 in Paris, Frankreich teilnehmen.</p>
</section>

<!-- This site is optimized with the Yoast SEO plugin v27.0 - https://yoast.com/product/yoast-seo-wordpress/ -->
<title>Weltgeflügelkongress 2022 - Earlyfeed</title>
<meta name="robots" content="index, follow, max-snippet:-1, max-image-preview:large, max-video-preview:-1" />
<link rel="canonical" href="https://earlyfeednutrition.com/de/event/wpc-2021/" />
<meta property="og:locale" content="de_DE" />
<meta property="og:type" content="article" />
<meta property="og:title" content="Weltgeflügelkongress 2022 - Earlyfeed" />
<meta property="og:description" content="Die französische Zweig der WPSA freut sich, Sie zum 26. WPC in Paris einzuladen. Nach dem WPC2016 in Peking bereiten wir uns nun darauf vor, Sie alle in Paris zum WPC2022 zu begrüßen. Die Landwirtschaft im Allgemeinen und die Nutztierhaltung im Besonderen stehen in naher Zukunft vor großen Herausforderungen. Der Geflügelsektor hat gute Voraussetzungen, die [&hellip;]" />
<meta property="og:url" content="https://earlyfeednutrition.com/de/event/wpc-2021/" />
<meta property="og:site_name" content="Earlyfeed" />
<meta property="article:modified_time" content="2021-06-04T07:54:57+00:00" />
<meta property="og:image" content="https://earlyfeednutrition.com/app/uploads/2020/11/shutterstock_135909518-scaled.jpg" />
	<meta property="og:image:width" content="2560" />
	<meta property="og:image:height" content="1556" />
	<meta property="og:image:type" content="image/jpeg" />
<meta name="twitter:card" content="summary_large_image" />
<meta name="twitter:label1" content="Est. reading time" />
	<meta name="twitter:data1" content="1 minute" />
<script type="application/ld+json" class="yoast-schema-graph">{"@context":"https://schema.org","@graph":[{"@type":"WebPage","@id":"https://earlyfeednutrition.com/de/event/wpc-2021/","url":"https://earlyfeednutrition.com/de/event/wpc-2021/","name":"Weltgeflügelkongress 2022 - Earlyfeed","isPartOf":{"@id":"https://earlyfeednutrition.com/de/#website"},"primaryImageOfPage":{"@id":"https://earlyfeednutrition.com/de/event/wpc-2021/#primaryimage"},"image":{"@id":"https://earlyfeednutrition.com/de/event/wpc-2021/#primaryimage"},"thumbnailUrl":"https://earlyfeednutrition.com/app/uploads/2020/11/shutterstock_135909518-scaled.jpg","datePublished":"2020-11-30T20:28:30+00:00","dateModified":"2021-06-04T07:54:57+00:00","breadcrumb":{"@id":"https://earlyfeednutrition.com/de/event/wpc-2021/#breadcrumb"},"inLanguage":"de-DE","potentialAction":[{"@type":"ReadAction","target":["https://earlyfeednutrition.com/de/event/wpc-2021/"]}]},{"@type":"ImageObject","inLanguage":"de-DE","@id":"https://earlyfeednutrition.com/de/event/wpc-2021/#primaryimage","url":"https://earlyfeednutrition.com/app/uploads/2020/11/shutterstock_135909518-scaled.jpg","contentUrl":"https://earlyfeednutrition.com/app/uploads/2020/11/shutterstock_135909518-scaled.jpg","width":2560,"height":1556},{"@type":"BreadcrumbList","@id":"https://earlyfeednutrition.com/de/event/wpc-2021/#breadcrumb","itemListElement":[{"@type":"ListItem","position":1,"name":"Homepage","item":"https://earlyfeednutrition.com/de/"},{"@type":"ListItem","position":2,"name":"Events","item":"https://earlyfeednutrition.com/de/event/"},{"@type":"ListItem","position":3,"name":"Weltgeflügelkongress 2022"}]},{"@type":"WebSite","@id":"https://earlyfeednutrition.com/de/#website","url":"https://earlyfeednutrition.com/de/","name":"Earlyfeed","description":"Right from the start","potentialAction":[{"@type":"SearchAction","target":{"@type":"EntryPoint","urlTemplate":"https://earlyfeednutrition.com/de/?s={search_term_string}"},"query-input":{"@type":"PropertyValueSpecification","valueRequired":true,"valueName":"search_term_string"}}],"inLanguage":"de-DE"}]}</script>
<!-- / Yoast SEO plugin. -->

Weltgeflügelkongress 2022 - Earlyfeed

Die französische Zweig der WPSA freut sich, Sie zum 26. WPC in Paris einzuladen. Nach dem WPC2016 in Peking bereiten wir uns nun darauf vor, Sie alle in Paris zum WPC2022 zu begrüßen. Die Landwirtschaft im Allgemeinen und die Nutztierhaltung im Besonderen stehen in naher Zukunft vor großen Herausforderungen. Der Geflügelsektor hat gute Voraussetzungen, die [&hellip;]
